3 + -2?
-20755
In base 15, what is c - 819?
-80c
In base 5, what is -13111 + 10132?
-2424
In base 9, what is -65 + -20160?
-20235
In base 11, what is -221330 - 1?
-221331
In base 3, what is -1011 + -12111112?
-12112200
In base 13, what is -19 + -1038?
-1054
In base 13, what is 2c9 + b89?
1185
In base 5, what is -14 + -10121313?
-10121332
In base 13, what is -43 + 17b3?
1770
In base 12, what is 5 + -1135?
-1130
In base 13, what is 2a06 + -54a?
2489
In base 13, what is 1175 - 7?
116b
In base 8, what is 2534027 + -4?
2534023
In base 11, what is -16 + -41a0?
-4206
In base 4, what is -3023 + 32021?
22332
In base 11, what is -798 + 2?
-796
In base 14, what is -3 - 151c4?
-151c7
In base 2, what is -110 + -10101010100011110?
-10101010100100100
In base 6, what is 210203424 + -5?
210203415
In base 13, what is ba1a - c?
ba0b
In base 5, what is -3344440 - 114?
-3400104
In base 9, what is -3308 - -1?
-3307
In base 13, what is -339 + -36?
-372
In base 2, what is 11000101 + 101000000?
1000000101
In base 5, what is -42410403 + 10?
-42410343
In base 11, what is 17a777 + 4?
17a780
In base 5, what is 22 + 104031?
104103
In base 4, what is 201112 - 3011?
132101
In base 9, what is -35216 - 2?
-35218
In base 13, what is 3 + -5b24?
-5b21
In base 13, what is -2a482 + 2?
-2a480
In base 13, what is 4 - 2613a?
-26136
In base 15, what is -49 + -2dd?
-337
In base 10, what is -1010 - 73?
-1083
In base 11, what is 192 + 2484?
2666
In base 10, what is 255513 + -8?
255505
In base 11, what is -546 - 33?
-579
In base 11, what is 12a53 + 55?
12aa8
In base 16, what is -1 - -10595?
10594
In base 5, what is 110 - 42241?
-42131
In base 15, what is -2647a7 + -4?
-2647ab
In base 4, what is 2331101 - -20300?
3012001
In base 5, what is 12 + 30202?
30214
In base 3, what is 102202211210 + 112?
102202212022
In base 4, what is 1110202023 - 20?
1110202003
In base 4, what is 1232 - -12022?
13320
In base 9, what is -160343 - -2?
-160341
In base 6, what is -1532123 + 4?
-1532115
In base 8, what is 556 + 1126?
1704
In base 2, what is -10 - -10111101100110101101?
10111101100110101011
In base 15, what is -17 + -d90?
-da7
In base 13, what is -3b - 312?
-350
In base 16, what is e - -a9?
b7
In base 13, what is -58b + 37b?
-210
In base 2, what is -110100111011 + -10110?
-110101010001
In base 12, what is -6b7 + 373?
-344
In base 4, what is -2 + -30130113?
-30130121
In base 14, what is -9 - -d840?
d835
In base 3, what is -111101 - -11110011?
10221210
In base 9, what is 56 + -15437?
-15371
In base 13, what is -1 - -9773?
9772
In base 9, what is -5 + 16628?
16623
In base 3, what is 1210122 - 101?
1210021
In base 9, what is 0 + 1071748?
1071748
In base 16, what is -1 + -c2a9?
-c2aa
In base 13, what is 1207 - -27?
1231
In base 6, what is -1203 - 2231?
-3434
In base 9, what is 388625 - 2?
388623
In base 11, what is -2 + -1722?
-1724
In base 7, what is 1553 - -100?
1653
In base 2, what is -101001001101000001011 - 1?
-101001001101000001100
In base 7, what is 100 + -5462?
-5362
In base 14, what is -2 + 4358?
4356
In base 9, what is -10276 + 4?
-10272
In base 15, what is -3 - 3da84?
-3da87
In base 2, what is 100100011 - -11110100000110?
11111000101001
In base 4, what is 21 - -2032301?
2032322
In base 16, what is 534b - 61?
52ea
In base 9, what is 431481 - -4?
431485
In base 3, what is -12122212110101 + 2?
-12122212110022
In base 11, what is 749 - -23?
771
In base 15, what is 7a - 91?
-16
In base 5, what is -10233 - 104?
-10342
In base 10, what is 3 + -14934?
-14931
In base 15, what is -97 + 11b1?
1119
In base 15, what is 15aa - 3?
15a7
In base 15, what is 0 + 517e4?
517e4
In base 13, what is c3 + -737?
-644
In base 16, what is -3 + -5b89b?
-5b89e
In base 3, what is -2 - -2201112200?
2201112121
In base 8, what is -13 - 23342?
-23355
In base 10, what is 1 + -271967?
-271966
In base 11, what is -54504 + -3?
-54507
In base 2, what is -100001100101 + -101000101000?
-1001010001101
In base 14, what is 18a - -498?
644
In base 15, what is 475c + -7?
4755
In base 15, what is -d6 - 344?
-42a
In base 9, what is 423 - -3408?
3832
In base 11, what is 115 + -417?
-302
In base 2, what is 11000000 - -111010?
11111010
In base 11, what is 26 - 40?
-15
In base 9, what is -55728 + -2?
-55731
In base 5, what is 2 - 224200?
-224143
In base 5, what is 1243414 + 11?
1243430
In base 6, what is 140400 + -330?
140030
In base 8, what is 25612 - -4?
25616
In base 8, what is 17566 - -317?
20105
In base 10, what is -3914640 - 4?
-3914644
In base 5, what is 44443 + 20?
100013
In base 5, what is 11420224 + 3?
11420232
In base 11, what is 34159 + 5?
34163
In base 3, what is -100 - 202122022?
-202122122
In base 16, what is 27c40 - -2?
27c42
In base 3, what is -1122012110 - 11?
-1122012121
In base 16, what is 796 - 17?
77f
In base 16, what is -25541 + -a?
-2554b
In base 3, what is -22 + 212020?
211221
In base 9, what is 2656180 + -7?
2656172
In base 7, what is -3 - -50066?
50063
In base 11, what is 41 + -1565?
-1524
In base 3, what is 100122000020201 - -12?
100122000020220
In base 10, what is 43019 - -5?
43024
In base 15, what is 1 - -10b1a?
10b1b
In base 13, what is 4a6 + 220?
6c6
In base 12, what is 3b46 + -16?
3b30
In base 9, what is 458033 + -1?
458032
In base 2, what is -1 + -10101011?
-10101100
In base 13, what is -20309 - 3?
-2030c
In base 14, what is -2a1ac0 - -5?
-2a1ab9
In base 10, what is -421 - 9140?
-9561
In base 4, what is -2303302 + 0?
-2303302
In base 6, what is -1 - 15552?
-15553
In base 7, what is 1 + -155620?
-155616
In base 2, what is 10110 - -111000101000?
111000111110
In base 12, what is -8 + 386a1?
38695
In base 8, what is -5 + 65610?
65603
In base 11, what is 6 - 57350?
-57345
In base 11, what is -3 - 11082?
-11085
In base 5, what is -1133 - -2000?
312
In base 9, what is -107740 - 4?
-107744
In base 13, what is -15 - -c12?
bca
In base 9, what is -4 + 8251?
8246
In base 2, what is -101 + -1101111111010010?
-1101111111010111
In base 10, what is -11 - 162775?
-162786
In base 11, what is 49986 + 0?
49986
In base 11, what is 0 + a4?
a4
In base 16, what is 81 + -2958?
-28d7
In base 2, what is -11101001010001 - -10010?
-11101000111111
In base 10, what is -5 + -1061?
-1066
In base 13, what is b548 + -5?
b543
In base 4, what is -122112112331 - 3?
-122112113000
In base 16, what is -3d8be - -2?
-3d8bc
In base 3, what is -21222 + -112122112?
-112221111
In base 13, what is 3528 - -283?
37ab
In base 12, what is 10a1763 + 3?
10a1766
In base 7, what is 1622 + -153?
1436
In base 3, what is 12 + -110222221111?
-110222221022
In base 14, what is 1a + -109b5?
-10999
In base 6, what is -1 - -21310?
21305
In base 11, what is -4 + a768?
a764
In base 8, what is -3665 + 751?
-2714
In base 15, what is -128e - -229?
-1065
In base 3, what is 20012210120011 + 12?
20012210120100
In base 10, what is -925 + -5?
-930
In base 6, what is 1300032 + 143?
1300215
In base 11, what is 0 - 8792a?
-8792a
In base 10, what is -431 + 18?
-413
In base 12, what is 94a0 + 50?
9530
In base 6, what is 43343415 - 2?
43343413
In base 9, what is 26 + 87788?
87825
In base 13, what is -2022a - -8?
-20222
In base 11, what is 3 + 3a8679?
3a8681
In base 2, what is 10 + -100001110111001?
-100001110110111
In base 10, what is -298 + 75?
-223
In base 11, what is -10a59 - 1?
-10a5a
In base 9, what is -165 - -1538?
1363
In base 2, what is 1111111011111101110011 - -101?
1111111011111101111000
In base 15, what is 5 - 3b66?
-3b61
In base 4, what is 10 + 22232323?
22232333
In base 13, what is 14 + 21983?
21997
In base 4, what is -10232232 + 31?
-10232201
In base 16, what is -8 + 17f?
177
In base 13, what is 63 + -118?
-85
In base 9, what is -6074 + 80?
-5884
In base 4, what is 230 + 200001?
200231
In base 14, what is -4844 - 9?
-484d
In base 6, what is -44332 + -4?
-44340
In base 2, what is 11 + 1111111100011?
1111111100110
In base 7, what is -2164434 + 5?
-2164426
In base 4, what is 30323 + 200?
31123
In base 3, what is -1022020 + -20102?
-1112122
In base 9, what is -4 - -25335?
25331
In base 3, what is 112102 + 200200100?
201012202
In base 2, what is 1100001100111 + -1001011?
1100000011100
In base 6, what is -3 - 15001314?
-15001321
In base 7, what is -43340 + 2?
-43335
In base 13, what is -453 + 457?
4
In base 10, what is 5160218 + -1?
5160217
In base 13, what is -244 - -1b95?
1951
In